
-1
Let h(j) be the second derivative of -j**5/10 + 5*j**4/4 - 4*j**3/3 + 9*j**2/2 - 471*j. What is h(7)?
2
Suppose 0 = -a + 10*p - 6*p - 14, -5*a + 5*p = 10. Let j(h) be the third derivative of -5*h**4/24 + h**3/2 + 7*h**2 - 9. What is j(a)?
-7
Let z(q) = -4*q - 36. Let d = 13030 - 13041. Calculate z(d).
8
Let y(q) = q**3 + 11*q**2 + 11*q - 5. Suppose -3*s + 5*d = 25, 3*s + 27 = -14*d + 17*d. Give y(s).
-15
Let l(n) be the second derivative of -1/24*n**4 + 0 + n - 9*n**2 - n**3. Let c(p) be the first derivative of l(p). Determine c(-5).
-1
Let a(p) = 16*p**3 + 38*p**2 - 7*p - 11. Let h(q) = -3*q**3 - 7*q**2 + q + 2. Let y(z) = -2*a(z) - 11*h(z). Calculate y(0).
0
Let q(h) = -7*h + 120. Let d be 32 - 7 - (96/18 + 2/3). Determine q(d).
-13
Let s be ((-5)/3)/(2/6). Let n(w) be the first derivative of -2*w**2 + 149 + 2*w - 1/3*w**3. Determine n(s).
-3
Let q(l) be the second derivative of -5*l**3/3 - 3*l**2 + 226*l - 1. Determine q(-1).
4
Let m(a) be the second derivative of -a**3/6 + 4*a**2 + a - 19. Suppose -3*k - 24 = -3*w, 0 = 4*k - w + 5*w + 64. Let v = k - -12. Calculate m(v).
8
Let k(f) = -f**2 - 3*f - 1. Let m be 4/(-1 - -5) - -2. Suppose 3*i - 15 = m*z, -2*z = -i + 4*i. Let q be -8 + 7 + z/((-3)/(-4)). Give k(q).
-11
Let i(z) be the third derivative of -z**8/6720 - z**7/1680 + z**6/720 + 71*z**5/30 - 79*z**2. Let r(y) be the third derivative of i(y). Calculate r(-4).
-35
Let r(c) = -23*c - 251. Let s be r(-11). Let a(j) = -35 + 2*j**2 - s*j**2 - 2*j**2 + 34 - 4*j + j. What is a(-4)?
-21
Let r(a) = a + 231 - 86 - 71 - 77. Determine r(10).
7
Let u(a) = -26*a - 75 + 57 + 139. Let z be u(5). Let j(h) = -h - 3. Calculate j(z).
6
Let z(t) = 2*t**2 + 17*t - 2. Let d be 11*-1 + 768/256. Give z(d).
-10
Let c(d) = -20*d**3 - 6*d**2 - 4*d - 2. Let k(n) = 9*n**3 + 2*n**2 + 2*n + 2. Let t(a) = -4*c(a) - 9*k(a). Determine t(7).
-73
Suppose 4*p - 4 = 3*j, 3*j - 2*p - 74 = -70. Let r = 1 - 0. Let g(y) = -1 + r + 3*y**2 + 3*y + 0*y**3 + 5 - y**3. Give g(j).
1
Let h(g) = g**2 - 21*g - 93. Let r be h(25). Let s(l) = -r + 26*l - 25*l + 2*l. Give s(4).
5
Suppose 9*j - 6*j - 63 = 5*b, 0 = -2*j + 17*b + 83. Let g(c) = c**3 - 18*c**2 + 29*c + 16. What is g(j)?
-32
Let k = 14530 + -14537. Let g(z) = 3*z**3 + 7*z**2 + 2*z - 2. Let a(u) = -4*u**3 - 7*u**2 - 3*u + 1. Let p(n) = -2*a(n) - 3*g(n). Determine p(k).
4
Let c = 216 + -208. Let b(w) = -2*w**2 + 0 - 8 + c*w - 4 + 5. Calculate b(6).
-31
Let q(o) = o + 19. Let u be 27*((-180)/(-450))/((-2)/5). Give q(u).
-8
Let t(z) = z**3 - 2*z**2 - 2. Suppose 34 = 8*j + 2. Let r(o) = 2*o**3 - 3*o**2 + 3*o - 1. Let a be r(2). Suppose -a = -j*x + 3. Determine t(x).
7
Let s(v) = -v + 1. Suppose n - 4*f + 17 - 63 = 0, -5*n + 302 = -2*f. Let z be 776/12 - (-1)/3. Let x = z - n. Calculate s(x).
-2
Let n(z) = z**3 - z**2 - 2*z + 3. Suppose 25*m - 45 = -20. Let p be m*-1 + (-6 - -23) + -13. What is n(p)?
15
Let v(z) = z**3 + 11*z**2 + 9*z + 5. Let b(g) be the third derivative of -g**6/120 - 4*g**5/15 - 9*g**4/8 + 2*g**3/3 - 18*g**2. Let s be b(-14). Give v(s).
15
Suppose h + 3*h = 100. Suppose -z + 20 = -2*p - 17, z - h = -p. Let m(o) = -4*o - 26*o**2 + 56*o**2 - z*o**2 - 3. Determine m(5).
2
Let f(q) = q - 5. Let w(r) = 5*r - 30. Let s(t) = 6*f(t) - w(t). Suppose 13*o - 10*o - 3 = 0. Let u(i) = 2*i**2 + i. Let l be u(o). Calculate s(l).
3
Let b = -1 + 19. Let y be (-591)/b*-1 + (-2)/(-12). Let f = y - 37. Let p(a) = -a - 2. Calculate p(f).
2
Suppose 0 = -4*x + 2 + 6. Let v(s) = -17*s**2 + 3*s - 2. Let i(a) = -327*a**2 + 60*a - 41. Let q(m) = i(m) - 19*v(m). Give q(x).
-13
Let i(k) = -k**3 - 23*k**2 + 50*k + 2. Suppose 0 = 1466*b - 1471*b - 125. Calculate i(b).
2
Let t(r) = 0 - 2 + r - 1. Let q = -542 - -542. Let x be (7/21 - 22/(-6)) + q. What is t(x)?
1
Let f(x) = x + 8. Let a(b) = -2*b - 41. Let g be a(-22). Suppose 2*p - 2*t + t = 9, -t - 11 = -g*p. Let o(k) = -k**2 - 3*k + 4. Let y be o(p). What is f(y)?
2
Let t(z) be the first derivative of -z**5/60 + z**4/12 - z**3 + 31*z**2/2 + 35. Let f(x) be the second derivative of t(x). Let y = 8 + -3. Calculate f(y).
-21
Let y be ((-29)/(-4))/(3*5/60). Let w(a) = 8*a**2 - 10*a**2 + 32*a**3 - y*a**3 + a. Let c(k) = k**3 - 6*k**2 + 2. Let h be c(6). Determine w(h).
18
Let w(s) = -2*s**2 - 4*s + 6. Let m(f) = 5*f**2 - 67*f + 176. Let q be m(10). What is w(q)?
-90
Suppose 7*z + 52 = 94. Let m(f) = -z*f**2 + 26*f**2 + 1 - 17*f**2. What is m(-1)?
4
Let z(f) be the second derivative of -7*f**5/4 + f**4/6 - f**3/2 + f**2/2 - 684*f. Give z(1).
-35
Let i be (0 + -5)*(4756/205)/58. Let n = -5 + 8. Let u(q) = -1 + 2*q + 0*q**3 + 2 - 2*q**n. Calculate u(i).
13
Let a(q) = q**2 - 6*q - 6. Suppose -19*x + 16*x - 12 = 0. Let v be a(x). Suppose -v*m + 40*m = -24. Let t(c) = -c + 1. Determine t(m).
5
Let r(u) = -3*u**3 + 7*u**2 + 6*u + 19. Let v(t) = -8*t**3 + 20*t**2 + 20*t + 52. Let w(k) = 11*r(k) - 4*v(k). Calculate w(-3).
43
Let v(p) be the third derivative of 0*p**3 + 40*p**2 + 0*p**4 + 7/120*p**6 - 1/60*p**5 + 0*p + 0. What is v(1)?
6
Suppose -2*x + 4*x - 3*z = 26, 2*x + 5*z = 10. Let n be (6 + -1)*(-8)/x + 6. Let m be -15*(-3)/(-9)*(-2)/n. Let u(o) = -o**2 + 7*o - 7. Determine u(m).
3
Let l(z) = 0*z - 7*z - 3*z - 6 - 11*z + 23*z. Let d be 1/(32/10 + -3). Give l(d).
4
Let m = 21940 + -21936. Let f(d) = 2*d**2 - d - 11. Give f(m).
17
Suppose 17*l + 9 = 15*l - 3*f, f = 6*l - 23. Let b(w) = 2*w**3 - 2*w**2 - 3*w - 6. Give b(l).
21
Let s = -265 + 400. Let k = s - 126. Let t(o) = -o**2 + 10*o - 2. What is t(k)?
7
Let c(t) = 4*t - 5. Let y(o) = 3 - 12 + 2*o**2 - 3*o + 0 - 24 - 1. Let r be y(5). What is c(r)?
-1
Let w(x) = 11*x**3 - 32092*x**2 + 18*x + 32084*x**2 + 69 - 12*x**3. What is w(-9)?
-12
Suppose 1204*b = 1468*b. Let w(h) = h + h**2 - 16 - 7 - 6. Determine w(b).
-29
Let d(z) = z**2 - 104*z + 1320. Let l be d(89). Let b(j) = -2*j**2 - 29*j + 19. Calculate b(l).
4
Suppose -5*i + 23 - 3 = 0. Suppose z + i*z + 27 = 3*p, p + z - 17 = 0. Let x(r) = -8*r**2 + p*r**2 - 9*r**2 - 2 + r**3. Give x(3).
-2
Let l = 3402 + -3404. Let s(w) be the first derivative of -w + 1/4*w**4 - 1/2*w**2 - 1/3*w**3 - 4. Give s(l).
-11
Let v(z) be the second derivative of 17*z**3/3 + 57*z**2 - 3*z + 1622. Determine v(-3).
12
Let k(c) be the second derivative of -1/3*c**3 - 222*c + 0 + 9/2*c**2. Determine k(0).
9
Let h(o) = 12402*o**3 - 2*o**2 - 12404*o**3 - 2*o - 2 + 6*o**2. Determine h(2).
-6
Let h(l) be the third derivative of -l**6/30 - l**5/60 + 5*l**4/24 - 2*l**3/3 - 21*l**2 + 27. Give h(1).
-4
Let h(q) = -11 + 6 + 7 + 1 - 17 - 2*q + 10. Suppose -4 = -k - 0. Determine h(k).
-12
Let h(w) be the third derivative of -5*w**4/24 + w**3/3 + 2*w**2. Suppose -44*k = -48*k + 428. Let z = k - 104. Calculate h(z).
-13
Let v(g) = 4*g**2 - 29*g - 148. Let h(n) = -7*n**2 + 59*n + 297. Let z(w) = -5*h(w) - 9*v(w). Give z(-29).
-8
Suppose 2*a + 4*f = -38, 5*a + 5*f = f - 71. Let o(l) = 2*l**3 + 22*l**2 + 3*l + 28. Give o(a).
-5
Let h(r) = 17*r + 7. Let f be h(1). Let w = -17 + f. Let p(o) = w - 2*o - 6 + o. What is p(0)?
1
Let w(d) = 148*d - 174*d + 183217 - 183382 - d**2. Give w(-15).
0
Let l(m) = -m**2 + 11*m - 13. Let n = -74 - -83. Let j be l(n). Suppose j - 13 = -4*z. Let i(f) = f**2 + f + 2. Calculate i(z).
8
Let a(t) = t**3 - 5*t**2 - 2*t - 4. Suppose -3*n = 7418 - 7427. Calculate a(n).
-28
Let p(b) be the second derivative of 7*b**3/6 + b**2/2 + 876*b. Calculate p(6).
43
Let d(u) = -u**2 - u + 1. Let n = -3018 + 3021. Calculate d(n).
-11
Let t = 521 + -530. Let n(s) = 6*s**2 + 5*s. Let y(g) = -24*g**2 - 21*g - 1. Let u(r) = t*n(r) - 2*y(r). What is u(2)?
-28
Let v(p) = p**2 - 9*p + 8. Let z = -256 - -277. Let t = z + -13. Determine v(t).
0
Let p(y) = 5*y**3 + 13*y**2 + 5*y - 17. Let z(r) = -6*r**3 - 16*r**2 - 6*r + 22. Let c(u) = 7*p(u) + 6*z(u). What is c(-4)?
1
Let y(p) = -3*p - 47 + 3*p**3 - 9*p**3 + 45 + 7*p**3 - 6*p**2. Determine y(7).
26
Suppose 2*d = 3*k - 149 + 134, 3*d + 4*k = -14. Let a(r) = -r**3 - 3*r**2 + 13*r - 6. Calculate a(d).
24
Let k = -58 + 78. Suppose 2*v - 4*f - 9 = -5, 4*f = -k. Let j(l) = l**3 + 9*l**2 + 8*l. What is j(v)?
0
Let u be -3 - (-28 + 9 + -3). Let i(m) = -4*m**2 - 16*m + 26. Let q(t) = -5*t**2 - 15*t + 25. Let g(o) = -6*i(o) + 5*q(o). Determine g(u).
7
Let p(s) = -s + 6. Let z(u) = -4. Let c